t are the prime factors of 16367888?
2, 383, 2671
List the prime factors of 64595.
5, 12919
List the prime factors of 4298674.
2, 19, 113123
What are the prime factors of 1838829?
3, 71, 89, 97
What are the prime factors of 214483?
214483
What are the prime factors of 4474022?
2, 7, 313, 1021
List the prime factors of 1493785.
5, 298757
List the prime factors of 851067.
3, 7, 19, 79
What are the prime factors of 465963?
3, 127, 1223
List the prime factors of 130683.
3, 7, 127
What are the prime factors of 14700412?
2, 239, 15377
List the prime factors of 6949577.
6949577
What are the prime factors of 3769271?
11, 31151
List the prime factors of 2253220.
2, 5, 113, 997
What are the prime factors of 1581616?
2, 41, 2411
List the prime factors of 1979319.
3, 31, 21283
List the prime factors of 4218410.
2, 5, 7, 8609
What are the prime factors of 559716?
2, 3, 46643
What are the prime factors of 24854538?
2, 3, 4142423
List the prime factors of 946383.
3, 315461
List the prime factors of 1228651.
1228651
What are the prime factors of 473267?
37, 12791
List the prime factors of 762072.
2, 3, 113, 281
What are the prime factors of 2909039?
7, 415577
What are the prime factors of 27392698?
2, 13696349
List the prime factors of 38800156.
2, 9700039
What are the prime factors of 447529?
311, 1439
What are the prime factors of 2160625?
5, 3457
List the prime factors of 428924.
2, 157, 683
List the prime factors of 23045639.
23045639
List the prime factors of 392438.
2, 239, 821
What are the prime factors of 2762502?
2, 3, 460417
What are the prime factors of 1675617?
3, 558539
What are the prime factors of 2762497?
2762497
What are the prime factors of 7224873?
3, 263, 9157
List the prime factors of 4860671.
127, 38273
List the prime factors of 2004759.
3, 17, 13103
List the prime factors of 1710814.
2, 7, 122201
List the prime factors of 1715.
5, 7
What are the prime factors of 111543?
3, 37181
List the prime factors of 1850465.
5, 23, 16091
List the prime factors of 193513.
193513
List the prime factors of 3346988.
2, 836747
List the prime factors of 229556.
2, 57389
What are the prime factors of 213061?
17, 83, 151
What are the prime factors of 8297984?
2, 19, 853
List the prime factors of 244159.
244159
List the prime factors of 606304.
2, 18947
List the prime factors of 1086009.
3, 362003
What are the prime factors of 609283?
609283
What are the prime factors of 101000?
2, 5, 101
List the prime factors of 10615185.
3, 5, 7, 47, 239
What are the prime factors of 356483?
103, 3461
List the prime factors of 5252141.
41, 53, 2417
What are the prime factors of 339879?
3, 277, 409
What are the prime factors of 4497015?
3, 5, 19, 31, 509
List the prime factors of 29468.
2, 53, 139
List the prime factors of 2835622.
2, 113, 12547
List the prime factors of 4621067.
11, 420097
List the prime factors of 154077.
3, 7, 11, 23, 29
What are the prime factors of 992605?
5, 67, 2963
What are the prime factors of 3190642?
2, 7, 13, 47, 373
What are the prime factors of 1354498?
2, 389, 1741
List the prime factors of 221550.
2, 3, 5, 7, 211
What are the prime factors of 4167315?
3, 5, 30869
List the prime factors of 843429.
3, 19, 14797
List the prime factors of 8263141.
23, 359267
List the prime factors of 29194507.
19, 1536553
List the prime factors of 149568.
2, 3, 19, 41
List the prime factors of 20774307.
3, 2053, 3373
List the prime factors of 988921.
163, 6067
List the prime factors of 2202163.
17, 129539
List the prime factors of 5694699.
3, 19, 99907
What are the prime factors of 6212916?
2, 3, 57527
List the prime factors of 7308417.
3, 2436139
List the prime factors of 180832.
2, 5651
List the prime factors of 1116962.
2, 7, 11, 7253
List the prime factors of 2154601.
43, 89, 563
List the prime factors of 43351.
7, 11, 563
What are the prime factors of 10905261?
3, 3635087
List the prime factors of 2291582.
2, 23, 31, 1607
List the prime factors of 1093004.
2, 11, 24841
List the prime factors of 2760825.
3, 5, 131, 281
What are the prime factors of 1510203?
3, 23, 43, 509
What are the prime factors of 3810638?
2, 13, 146563
List the prime factors of 5096509.
11, 463319
List the prime factors of 2015.
5, 13, 31
List the prime factors of 84097.
13, 6469
What are the prime factors of 3365700?
2, 3, 5, 13, 863
List the prime factors of 5541368.
2, 7, 98953
What are the prime factors of 493922?
2, 11, 13, 157
What are the prime factors of 4658597?
4658597
List the prime factors of 3642131.
17, 214243
List the prime factors of 1602782.
2, 43, 18637
What are the prime factors of 13553?
13553
What are the prime factors of 904294?
2, 379, 1193
List the prime factors of 603278.
2, 13, 23203
List the prime factors of 36386116.
2, 13, 699733
List the prime factors of 14621089.
7, 19, 47, 2339
What are the prime factors of 184189?
184189
List the prime factors of 575057.
7, 113, 727
List the prime factors of 33377188.
2, 13, 17, 2221
List the prime factors of 219735.
3, 5, 19, 257
What are the prime factors of 3962668?
2, 31, 31957
What are the prime factors of 568405?
5, 79, 1439
What are the prime factors of 1089516?
2, 3, 90793
What are the prime factors of 2056146?
2, 3, 342691
List the prime factors of 27488.
2, 859
What are the prime factors of 1812970?
2, 5, 181297
List the prime factors of 628423.
628423
List the prime factors of 669695.
5, 13, 10303
List the prime factors of 1544746.
2, 7, 110339
List the prime factors of 3110265.
3, 5, 23039
List the prime factors of 4933505.
5, 53, 18617
What are the prime factors of 14555061?
3, 709, 2281
List the prime factors of 9201659.
419, 21961
List the prime factors of 744880.
2, 5, 9311
What are the prime factors of 5243938?
2, 7, 463, 809
List the prime factors of 4431565.
5, 886313
What are the prime factors of 1808616?
2, 3, 179, 421
List the prime factors of 422049.
3, 140683
List the prime factors of 84648.
2, 3, 3527
List the prime factors of 2029167.
3, 7, 31, 1039
List the prime factors of 690045.
3, 5, 179, 257
What are the prime factors of 2449953?
3, 11, 73, 113
What are the prime factors of 101111?
101111
List the prime factors of 104026.
2, 13, 4001
What are the prime factors of 680059?
680059
What are the prime factors of 375873?
3, 349, 359
What are the prime factors of 15201?
3, 563
List the prime factors of 104594.
2, 7, 31, 241
What are the prime factors of 1865242?
2, 47, 19843
What are the prime factors of 7752853?
7752853
What are the prime factors of 596423?
596423
List the prime factors of 474109.
103, 4603
List the prime factors of 154177.
53, 2909
What are the prime factors of 265392?
2, 3, 19, 97
List the prime factors of 35179090.
2, 5, 3517909
List the prime factors of 653980.
2, 5, 19, 1721
What are the prime factors of 12636162?
2, 3, 7, 11, 1013
What are the prime factors of 609635?
5, 13, 83, 113
What are the prime factors of 1571708?
2, 392927
List the prime factors of 84407.
84407
List the prime factors of 3224136.
2, 3, 134339
What are the prime factors of 1314694?
2, 657347
List the prime factors of 2445365.
5, 13, 17, 2213
List the prime factors of 520108.
2, 130027
List the prime factors of 5867954.
2, 1223, 2399
List the prime factors of 381968.
2, 23873
What are the prime factors of 552490?
2, 5, 55249
List the prime factors of 66435.
3, 5, 43, 103
List the prime factors of 2811.
3, 937
What are the prime factors of 599433?
3, 199811
List the prime factors of 184554.
2, 3, 10253
What are the prime factors of 348500?
2, 5, 17, 41
What are the prime factors of 9263430?
2, 3, 5, 11, 3119
List the prime factors of 11423000.
2, 5, 11423
List the prime factors of 479527.
23, 20849
What are the prime factors of 5837946?
2, 3, 972991
What are the prime factors of 378818?
2, 11, 67, 257
What are the prime factors of 336664?
2, 42083
List the prime factors of 479096.
2, 59887
List the prime factors of 1547170.
2, 5, 17, 19, 479
What are the prime factors of 134204?
2, 7, 4793
What are the prime factors of 8507562?
2, 3, 7, 23, 8807
List the prime factors of 16237879.
7, 2319697
What are the prime factors of 8224649?
397, 20717
List the prime factors of 6699499.
97, 69067
List the prime factors of 1075249.
7, 153607
What are the prime factors of 425941?
157, 2713
List the prime fact